7 + -23. Suppose -y - 2 = -2*u. What is the units digit of u?
3
Let q(n) be the second derivative of 13*n**3/3 - 47*n**2/2 - n + 2. What is the hundreds digit of q(8)?
1
What is the units digit of 18/(-27)*4*561/(-2)?
8
Let i = 610 + -305. Let u = -112 + i. What is the units digit of u?
3
Let w(q) = 8*q**2 + 19*q**2 + 4*q - q - 1 - 4*q. What is the tens digit of w(-1)?
2
Let q(r) = -r**2 - 65*r + 34. What is the tens digit of q(-13)?
1
Suppose -589 - 106 = -2*m + 3*y, -5*m = 2*y - 1690. What is the units digit of m?
0
Let n(w) = 12*w**3 - 14*w**2 + 10*w + 14. What is the tens digit of n(5)?
1
Suppose g - 3*v - 61 = 983, -3*g = 4*v - 3145. What is the thousands digit of g?
1
What is the tens digit of (1*6 + (-30 - -22))*-337?
7
Let p be ((-5)/(-2))/((-3)/(-6)). Let f be (2 - 6/(-5))*20. Suppose -p*x + 4*v = -74 - f, 3*x - 4*v - 86 = 0. What is the tens digit of x?
2
Let p(i) be the second derivative of -i**4/12 - i**3/2 + 11*i**2/2 + 6*i. Let n(g) = -g**3 - 6*g**2 - 3*g + 5. Let c be n(-5). What is the units digit of p(c)?
1
Let s = -32 + 36. Suppose s*f - 138 = 66. What is the units digit of f?
1
Let x(o) = 159*o**2 + 7*o + 20. What is the units digit of x(-5)?
0
Suppose -4929 = -5*x - 3*i, 3*i - 2860 = -3*x + 101. What is the hundreds digit of x?
9
Let v(o) = 2*o**2 - 3*o - 2. Let l be v(-1). Suppose -2*g + 0 = -l*u - 5, -5*u = -g - 15. What is the units digit of 2/g - 95/(-25)?
4
Let v(q) = q**3 - 8*q**2 + 6*q + 9. Let r be v(7). Suppose 0*c - 4*c - r*i + 126 = 0, 0 = -2*c + 3*i + 83. What is the units digit of c?
4
Let t(q) = 7*q**2 + 5*q + 13. Let k be t(-11). Suppose 59*w - k = 54*w. What is the units digit of w?
1
Let n = 159 + 449. What is the hundreds digit of n?
6
Let u(a) = -a**2 - 8*a - 11. Let q be u(-5). What is the tens digit of (q - 202 - 0)*-1?
9
Let j be (-2)/12 - (-52)/24. Let c = j - -3. Suppose -9 = c*q + 5*t + 1, 2*t = -10. What is the units digit of q?
3
What is the thousands digit of ((-17890)/(-25))/((-22)/(-55))?
1
Let k = -34 - -16. Let m be k/(((-4)/(-26))/(-2)). What is the units digit of (1 + -4)/((-27)/m)?
6
What is the tens digit of 2 + (-10862)/(-12) - (-26)/(-156)?
0
Let o = -70 + 452. What is the units digit of o?
2
Let x(c) = -c**3 - 14*c**2 + 4*c + 1. Let f be 1*5*112/(-40). Let u be x(f). Let b = 109 + u. What is the units digit of b?
4
Let l = 1380 + -693. What is the units digit of l?
7
Let c = -5 - -146. What is the units digit of c/15 - 14/35?
9
Let t = -119 - -167. Let y be (1 - -2) + t/6. Suppose 195 = y*x - 8*x. What is the tens digit of x?
6
Let d be (16 - 15) + (-2)/((-2)/109). Let u = 156 - d. What is the tens digit of u?
4
Suppose 4*h - 4*j - 7552 = 0, 2*j + 1888 = -3*h + 4*h. What is the units digit of h?
8
Suppose -13*n - 182 = -15*n. Let y = 4 + n. What is the units digit of y?
5
Suppose 95216 = -52*h + 74*h. What is the hundreds digit of h?
3
Let b(t) = 7*t + 4. Let k(u) = -u - 1. Let h(j) = -b(j) - 3*k(j). Let w be h(-1). Suppose -8*p + w = -5*p. What is the units digit of p?
1
Suppose 0 = -5*g - 0*g + 5*z + 665, -539 = -4*g - 3*z. Let c = g + 146. What is the hundreds digit of c?
2
Suppose -2*u - 8 = -6*u. Suppose u = -b + 36. What is the tens digit of b?
3
Suppose 0 = -0*l - 5*l. Suppose 7*p - 10*p + 33 = l. Suppose 5*g = -p + 191. What is the tens digit of g?
3
Suppose 0 = -23*f + 24*f - 3*i - 25, 0 = 2*f - 2*i - 42. What is the tens digit of f?
1
Let h(y) = -y**3 + 7*y**2 + 17*y - 15. Let t be h(7). Suppose -t + 414 = 5*n. What is the units digit of n?
2
Let m = 9 + 49. Suppose -3*o = -m - 5. What is the units digit of (72/o)/(2/7)?
2
Let q = -13 + 16. Suppose 0*f = f, -r = -5*f - q. What is the units digit of 1 + 1 + r + 2?
7
Let k(w) = -1. Let q(n) = n - 12. Let l(h) = -5*k(h) + q(h). Let b be l(8). Suppose -g = -i - 2*g + b, 16 = i - 4*g. What is the units digit of i?
4
Let p = 7 + -4. Suppose b + 164 = p*u, -44 = -3*u + 4*b + 126. Suppose -l + 2 = 0, -4*v + 3*l + 2*l + u = 0. What is the tens digit of v?
1
Suppose 3*w + 3*f = 1329 + 60, -1855 = -4*w - f. What is the tens digit of w?
6
Let j be (7 - 6)*(-1 - 1). What is the tens digit of (-2)/10 - 3865/25*j?
0
Let y = -73 + 374. Suppose -6*h = -y - 281. What is the units digit of h?
7
Suppose 0*j + 236 = 4*j. Suppose j + 57 = 2*k. What is the tens digit of k?
5
Let p = -18 + 31. Suppose -40 = -2*b - 4*x, -b + 4*x + x = -p. Suppose -6*h + b = -5*h. What is the tens digit of h?
1
Let h = -4562 - -7648. What is the hundreds digit of h?
0
What is the hundreds digit of (-5)/1*-1 + 698/1?
7
Let b be ((-6)/(-4))/(9/30). Let z(s) = s**2 + 6 - b*s - 45*s**3 + 19*s**3 + 28*s**3. What is the tens digit of z(3)?
5
Let i(l) = l**2 + 4*l + 57. What is the units digit of i(-20)?
7
Suppose -12*i = -248 - 220. What is the tens digit of i?
3
Let u(x) = -x - 2. Let a(c) = -c**2 - 8*c - 4. Let k be a(-5). Let l be u(k). Let n(t) = t**3 + 13*t**2 - t + 13. What is the tens digit of n(l)?
2
Let v(s) = 11*s. Let q be v(-1). Let k be q/(3 + (-19)/6). Let t = -34 + k. What is the units digit of t?
2
Let g(n) = -8*n + 3. Let s = -11 + 3. Let r be g(s). Suppose 3*d + 7 = r. What is the tens digit of d?
2
Suppose -3*k + 306 = -6*k. Let w = k + 152. What is the tens digit of w?
5
Let f = 7 - 9. Let r = f + 3. Suppose -a + 0 = -r. What is the units digit of a?
1
Let t = 26 - 22. Let u be (t/10)/(5/50). Suppose -224 + 39 = -5*d - 5*f, u*d - 158 = -2*f. What is the units digit of d?
2
Suppose q = 2*i + 2718, 3*q + 903 + 463 = -i. What is the units digit of i/(-112) + 1/(-7)?
2
Suppose -4*z + 6639 = z - 2*j, -3*z + 3985 = -2*j. What is the units digit of z?
7
Let p be (-6)/(-8)*24/(-3). Let n(a) = -a**3 - 5*a**2 + 7*a + 13. Let c be n(p). Let i = 24 - c. What is the units digit of i?
7
What is the tens digit of (-3)/4 - (-16709)/44?
7
Let f be (-1 + 3)/(-1)*-1. Let x(o) = -4*o - f - o**2 - 2 + 2*o + 3*o**2. What is the units digit of x(-4)?
6
Suppose 5*m + f - 11859 = 0, -5539 = -2*m + f - 794. What is the thousands digit of m?
2
Suppose -2*k + 3*k - 2809 = -5*r, 3*k + 549 = r. What is the tens digit of r?
6
Suppose 4*t - 8*t + 16 = 0. Suppose t*k + 926 = 5*u - 0*k, 3*u - 555 = 3*k. Suppose 3*c - 2*p = p + u, p - 130 = -2*c. What is the units digit of c?
4
Suppose 2*r - 13*r = -6281. What is the units digit of r?
1
Let h(l) = l**3 + 12*l + 9*l + 2*l - 16*l**2. What is the hundreds digit of h(15)?
1
Let t = -30 + 35. Suppose 0 = t*x + 5*n - 230, 49 = x + n + 3*n. What is the units digit of x?
5
Let m be 2/3*(-957)/(-22). Let t = 92 - m. What is the tens digit of t?
6
Let q(u) = -27*u + 1. Suppose 0 = x - 109 + 114. What is the hundreds digit of q(x)?
1
Suppose g - 892 = -t, -5*g + 2*t + 4478 = -2*t. What is the tens digit of g?
9
Let d(o) = o**2 - 4*o - 7. Suppose 0 = -7*g + 10*g - 60. Suppose 0 = -9*y + 7*y + g. What is the tens digit of d(y)?
5
Let l = 1452 + -779. What is the tens digit of l?
7
Suppose -5*r + x = -3235, -4*r + 4*x - 9*x + 2588 = 0. What is the hundreds digit of r?
6
Let o(r) = 4*r**3 + r**2 + 8*r - 39. What is the tens digit of o(6)?
0
Suppose -4*q + 58 = 2*y, 0 = -4*q + 3*y + 31 + 12. Let k = q + 19. What is the tens digit of (-2)/((0 - 2)/k)?
3
Suppose -10*p - 1968 = -11*p - 5*g, 4*p - 7902 = -5*g. What is the hundreds digit of p?
9
Let s be 6681/15 + (48/(-20))/(-4). Suppose 0 = -4*v + s + 286. What is the units digit of v?
3
Suppose -6 = -4*l + 2*n - 2, 0 = -4*l - n + 16. Suppose -b + 2*r + 26 + l = 0, -5*b = -2*r - 113. What is the units digit of b?
1
Suppose g - 1266 = 4*g. Let i = -260 - g. Suppose -i = 5*b - 8*b. What is the tens digit of b?
5
Suppose 21*r - 2296 = 17*r. What is the hundreds digit of r?
5
Suppose -5*r = -2*r + 6, 2*g + 2*r = 300. What is the units digit of g?
2
What is the units digit of 219/(13/2 - (1 - -4))?
6
Let d = -27 - 9. Let y = d - -67. What is the tens digit of y?
3
Suppose -6 - 18 = 4*j. Let w(k) = -k**3 - 6*k**2 - 8*k + 5. What is the units digit of w(j)?
3
Let j(f) = -f**2 + 12*f - 6. Let g be j(11). Suppose -g*r + 14 = -1. Suppose r*n + 155 = 4*y, y - n = 6*y - 170. What is the units digit of y?
5
Let a(g) = -15*g**2 - 2. Let c be a(2). Let w be -4 + 25/10*50. Let x = c + w. What is the tens digit of x?
5
Suppose 3*n - 1869 = -522. What is the units digit of n?
9
Suppose -2*n - n + 4*i + 12 = 0, -37 = -5*